-8*n(d) + u(d). Let k(y) = 5*y**2 - 3*y + 1. Let z(q) = -8*k(q) - 3*m(q). What is z(2)?
6
Suppose 0 = 2*d + 2*p, 5*d - 127 + 109 = 4*p. Let n(o) be the second derivative of 1/12*o**4 + 0*o**d + 7/6*o**3 + 0 - 27*o. Calculate n(-8).
8
Let w(l) be the first derivative of -l**4/4 - l**3/3 + l**2 - 4*l - 581. What is w(0)?
-4
Let n be 61/(-7) - 8/28. Let v(s) = -3*s - 19. Let f(k) = 10*k + 62. Let r(t) = -2*f(t) - 7*v(t). Determine r(n).
0
Suppose -5*n - 90 = -4*c, 7*n + 9 = -c + 3*n. Let m(q) = -3*q + 27. Give m(c).
-18
Let t(m) be the first derivative of m**4/4 - 8*m**3/3 + 7*m**2/2 - 10. Suppose a - 12 = 5*n, 137*n - 132*n - 2 = -a. Calculate t(a).
0
Let g(y) = -y**2 - 7*y - 3. Let j(k) = 11*k + 118. Let t be j(-12). Let z be 17/119 - (-86)/t. Determine g(z).
3
Let z(n) = -14*n**3 - 2*n**2 - 55*n - 14. Let l(f) = 5*f**3 + 19*f + 5. Let b(g) = -11*l(g) - 4*z(g). What is b(-8)?
-87
Let a = -4/12493 + 12501/24986. Let i(k) be the second derivative of -a*k**3 + 0 + 5*k**2 + 31*k. Determine i(7).
-11
Let v(a) be the second derivative of -a**5/60 - 5*a**4/24 - a**3/2 + 35*a**2/2 - 2*a - 22. Let i(s) be the first derivative of v(s). Determine i(-7).
-17
Suppose -160 = -69*x + 47. Let w(q) = q**3 - 6*q**2 + 7*q - 15. What is w(x)?
-21
Let a(z) = -10*z - 46. Let g = 6768 - 6783. Give a(g).
104
Let y(g) be the third derivative of g**6/80 - g**5/60 - 5*g**4/24 - g**3/2 - 27*g**2 + 3. Let k(t) be the second derivative of y(t). Calculate k(-2).
-20
Let w(i) = 21*i + 54 + 190 + 162 - 59 + 6. Calculate w(-17).
-4
Let d(w) = -3*w - w**2 + 17*w - 3*w - 19. Suppose -4*s - 9 = -5*s. Let k be d(s). Let g(x) = 4*x. Give g(k).
-4
Let w(d) = d**3 + 4*d**2 + 2*d - 2. Let a(u) = u**2 + u - 9. Let p be a(3). Suppose p*q = 15, -5*f + 7*f = q - 11. Give w(f).
1
Suppose 5*w = -a + 28, w + 7 = -0*a + 4*a. Suppose -16 = -5*k - a*k. Let c(t) = 113*t + 114*t - 230*t - k. Give c(-3).
7
Suppose 42 = -3*z - 4*h, -3*h + 31 = 137*z - 141*z. Let i(s) = -s**2 + 7*s + 172. What is i(z)?
2
Let g be (-2)/9 + (-306)/81. Let s = 20 + -15. Let h(w) = 2*w**2 + 15*w + 17. Let p(x) = -3*x**2 - 22*x - 25. Let v(q) = s*p(q) + 7*h(q). Determine v(g).
-2
Let n(p) = -511*p - 2*p**2 + 0*p**2 - p**2 + 496*p + 4*p**2 + 51. Calculate n(6).
-3
Let l(r) = -6*r + 1. Let o be (-16)/(-10) + -1 + 54/(-15). Let t = 1 - o. Suppose -t*q + 2*b = -12, 0 = 4*q - 4*b - 9 - 11. Calculate l(q).
-5
Let a(r) be the first derivative of r**2 + 3*r - 1. Suppose -4780*p + 4588*p = -576. Calculate a(p).
9
Suppose 3*n - n + 66 = 0. Let u = -20 - 14. Let f = n - u. Let j(x) = 6*x. Give j(f).
6
Let v be -10*1/6 + 36/(-27)*1. Let g(y) = -6*y**2 + 4 + 4*y**2 + 2*y - 4*y. Determine g(v).
-8
Let h(z) = -z**2 + 11. Let l be h(-3). Suppose l*o - 8 = -4. Let a(c) = 7*c**2 + 8*c**o - 6 + 3*c - 14*c**2 + 3*c. What is a(-8)?
10
Let m = -97 + 91. Let g(v) = v**2 + 20*v + 87. Let i be g(m). Let d(k) = k**3 - 3*k**2 + 3*k - 3. What is d(i)?
6
Let l(i) = -i**3 - 13*i**2 - 19*i - 60. Let o = 105 - 117. Calculate l(o).
24
Let o(w) = 9*w + 9. Let x(y) = -44*y - 9 - 43*y + 76*y. Let i(f) = 7*o(f) + 6*x(f). Calculate i(7).
-12
Let l(h) = -h**2 - 11*h + 119. Let i be 4/((10/(-7) + 2)/(234/(-91))). Determine l(i).
-7
Let p(c) = -14*c**2 - 74*c + 108. Let o(j) = 3*j**2 + 18*j - 26. Let s(w) = -9*o(w) - 2*p(w). Give s(12).
-6
Let a be 1*1/(-3) + (-60)/(-18). Let n = -1 + a. Suppose 5*u + 5*j + 5 = 0, -u - 3*u - 3*j - n = 0. Let g(i) = -6*i + 1. What is g(u)?
-5
Let b be (69 - 67)*(1 + 0). Let p(u) = 226*u**2 + 7 - 112*u**2 - 115*u**b + 9*u. Give p(10).
-3
Let q(h) = h**3 - 6*h**2 - 8*h + 9. Suppose 301 = 5*m - 1024. Suppose 251 = -2*c + m. What is q(c)?
2
Let m(t) be the first derivative of -3*t**2 - 192*t - 3519. Calculate m(-30).
-12
Let l(f) be the second derivative of f**3/2 + 32*f**2 - 2*f + 1170. Determine l(-24).
-8
Let r(h) = -7*h + 23. Let m be r(4). Let u(w) = -w - 2. Let j(i) = 4*i + 6. Let k(t) = -j(t) - 2*u(t). Give k(m).
8
Let p(n) = -2*n - 2. Let u(g) = -g - 2. Let d be 1 + (0 + 5 - 10). Suppose -35 + 10 = -5*v. Let k(f) = d*p(f) + v*u(f). What is k(-3)?
-11
Let h(m) = 0*m + m - 2*m - 14. Let d(x) = -660*x - 43576. Let y be d(-66). Determine h(y).
2
Let p(l) = -78*l + 348. Let h(g) = 47*g - 213. Let k(i) = -18*h(i) - 11*p(i). Calculate k(0).
6
Suppose 30*t - 28*t = 5*i + 119, 0 = -t - 2*i + 46. Let w be (64 - t)*4/6. Let f(v) = -v + 14. Determine f(w).
6
Let x(z) = 456*z**3 + 4*z**2 + 5*z + 4. Let c be x(-1). Let d = -465 - c. Let j(k) = 2*k**2 + 26*k + 17. Give j(d).
-7
Suppose 4*o = 18 + 18. Let n(l) = 16*l**3 + 7*l**2 + 25*l + 43. Let z(q) = 7*q**3 + 4*q**2 + 12*q + 18. Let m(r) = -4*n(r) + 9*z(r). Determine m(o).
-19
Suppose 3*p = -2*w + 656 + 831, -2*w = 4*p - 1984. Let i(t) = -p + 496 + 3*t**2 + 2*t**2. What is i(2)?
19
Let k(l) = -l**2 + 3*l - 4. Let y(j) = -22*j**2 + j + 5. Suppose 3*p = -2*m + 8, 3*p = -3*m + 6 + 6. Let o be y(p). Give k(o).
-14
Let f(w) be the first derivative of -w**4/4 + 2*w**3 - 5*w**2/2 + 3*w + 1. Let m be 5/(-7) - (-8)/(-28) - -86. Suppose 2*c = -15*c + m. Give f(c).
3
Let b(s) = 30*s**3 - 2*s**2 + 2*s - 1. Let t = -5863 - -5864. Give b(t).
29
Suppose 0 = -2*q - 12, -1166*s + 32 = -1164*s - 3*q. Let t(b) = b**2 - 8*b - 2. Determine t(s).
-9
Let a be 2/7 - 194769/(-21). Let b be (1/(2/2))/(25/a). Let x(n) = n**2 + 3 + 1 + 368*n - b*n + n**3. What is x(-3)?
-5
Let i(k) = -90*k - 4. Let d be i(-1). Let n = -121 + d. Let l = n + 31. Let j(c) = -c**2 - 2*c + 4. What is j(l)?
-4
Let g(j) be the third derivative of j**7/840 - j**6/40 + 11*j**5/120 - j**4/3 - 281*j**3/6 + 39*j**2. Let t(n) be the first derivative of g(n). Determine t(8).
16
Let h(x) be the second derivative of -x**3/6 - 2*x**2 - x. Let a be (816/21)/(24/84). Let q = a - 141. What is h(q)?
1
Suppose 6*z - 45 = 3*z. Let h be 13/65 - 33/z. Let s(q) = -4*q**3 + 2*q**2 + 4*q + 2. Give s(h).
34
Let n(a) = 2*a + 11. Let w be n(-8). Let v = 105 + -103. Let j(h) = 0*h**v - 3*h + 0*h**2 - h**2 + 6 + 0. Give j(w).
-4
Suppose -28 = 2*v + 2*v. Let m(t) = -4*t - 9. Let h(i) = 5*i + 11. Let l(a) = -2*h(a) - 3*m(a). Let s(z) = -5*z - 9. Let f(n) = v*l(n) - 3*s(n). What is f(6)?
-2
Let o(n) = -1 - 8 + 20 - 2*n - 2*n. Let f be (3 - 14/(-2))*(-98)/(-196). Determine o(f).
-9
Let b(z) = z. Let c be (3/(-9))/(-1 - (-28)/30). Let g(r) = -6*r + 13. Let a(j) = c*b(j) + g(j). Suppose 39 = 4*h - 1. Calculate a(h).
3
Let h(q) be the first derivative of -q**4/4 + 5*q**3 - 15*q**2/2 - 18*q - 1961. Calculate h(14).
-32
Let j(z) = -4*z + 31. Let p = 1040 - 1033. What is j(p)?
3
Let b(i) be the first derivative of i**6/360 + i**5/20 - i**4/12 + 34*i**3/3 - 131. Let k(p) be the third derivative of b(p). Determine k(-3).
-11
Let a be (-9)/(-2)*54/81. Let x be (a/6)/(-1 + 6/4). Let c(y) = 29*y**3 - y**2 - y + 1. What is c(x)?
28
Let y(g) = -2*g - 4. Let w be ((-230)/6 - -1)*135/(-60). Suppose -31*n + 3*n - w = 0. Calculate y(n).
2
Let l(t) = -10*t**2 + 56*t - 65. Let d(m) = -7*m**2 + 38*m - 44. Let z(w) = 7*d(w) - 5*l(w). Give z(13).
4
Let c(r) = r + 13. Let k(t) = 7*t + 54. Let m(y) = -8*y - 113. Let f be m(-13). Let a(v) = f*c(v) + 2*k(v). What is a(2)?
1
Let w(g) = g**3 + 5*g**2 + 4*g + 3. Let c be w(-4). Let j(b) = -3*b + 5*b + 27 - 3*b - 28 - 2*b + 7. What is j(c)?
-3
Suppose 0 = -23*t + 2487 - 2579. Let r(m) = 4*m**2 + m - 5. Calculate r(t).
55
Let o be 4/10 + 2/(-5). Let b(q) = 6*q**2 + 31*q + 9. Let a(w) = 9*w**2 - 6*w**2 - 4*w**2 - 2 - 6*w. Let h(z) = -5*a(z) - b(z). Calculate h(o).
1
Let g(t) = t**2 - t + 5. Let o(z) = z. Let w(v) = -v**2 - v - 7. Let h(x) = 2*o(x) + w(x). Let p(k) = 3*g(k) + 2*h(k). Calculate p(-2).
7
Let b(q) = -q**2 + 4*q - 3. Let l(x) = -x**2 + 5*x - 3. Let v(a) = 4*b(a) - 3*l(a). Let h = 527 + -527. Give v(h).
-3
Let a(o) = 164*o**2 - o**3 + 10 + 169*o**2 + 165*o**2 - 517*o**2 - 2*o. What is a(-19)?
48
Let u be (-90)/(-9)*(-2 - 5/(-2)). Let s(b) = 2 + 0*b - 8*b + 2*b + u*b. What is s(-4)?
6
Let v(h) be the second derivative of 15/2*h**2 + 5/3*h**3 + 1 + 5*h + 1/12*h**4. Give v(-10).
15
Let y = -498 + 553. Let r(j) = 22 - y + 40 + 3*j. Give r(6).
25
Let v(w) = w**3 + 7*w**2 - 15*w - 18. Let g = -25555 + 25546. Determine v(g).
-45
Let m be (-444)/(-44) + 1/44*-4. Let y(o) = -o + 18. What is y(m)?
8
Let n(i) = -20*i**3 - 144*i**2 - 28*i - 4. Let